(-1)/1 - -1). Let z = 8 - -1. Calculate the greatest common divisor of b and z.
3
Let k = 1635 + -1232. Calculate the highest common factor of 52 and k.
13
Let j(f) = f**2 + 8*f**2 + 15 - 6*f**2 + 11*f - 4*f**2. Let y be j(11). What is the highest common divisor of 5 and y?
5
Let a be -1 + (0 - 1) + -2. Let k be (-12)/(-2) + a + 2. Suppose -4*w + 3*o = k*o - 141, -w = 5*o - 59. Calculate the highest common divisor of 85 and w.
17
Let w = -44 + -9. Let b = w + 113. What is the greatest common factor of b and 24?
12
Let t be 0/(2/(-2) - -3). Suppose 3*d + 25 + 272 = t. Let o be 1/(-2) + d/(-6). What is the greatest common divisor of 24 and o?
8
Let t(j) = -4*j**3 - j**2 + 2*j. Let i = -36 - -34. Let o be t(i). Calculate the greatest common divisor of 12 and o.
12
Suppose 4*k = -o + 53, -3*o = 2*k - 36 - 73. Let i(j) = j + 47. Let c be i(o). Calculate the highest common divisor of c and 32.
16
Let z be ((15/(-2))/5)/(18/1824). Let d = z + 342. Let w = -89 + 127. What is the highest common divisor of d and w?
38
Let r = 4301 - 4298. Let l(c) = c**3 - 8*c**2 + 11*c - 4. Let q be l(7). What is the greatest common factor of q and r?
3
Suppose 1 = l, -3*p + 0*p - l = -16. What is the highest common divisor of p and 80?
5
Let b = -7 + 12. Suppose 2*t - 18 = -3*n - n, -b*t + 34 = -n. Suppose -4*x + 6 = -2*d - 26, -3*x + 9 = 6*d. What is the greatest common factor of x and t?
7
Suppose -t + 4*t = 213. What is the highest common factor of t and 284?
71
Let l = 37 + -23. Suppose 0 = -34*o + 21*o + 91. What is the greatest common divisor of o and l?
7
Suppose -d = -5*s + 206, -5*d + 218 = 5*s - 3*d. Let x = -32 - -46. Calculate the highest common divisor of s and x.
14
Let u = -1358 + 1375. What is the highest common divisor of u and 119?
17
Suppose 6*h + 15 - 27 = 0. Let q be (46 + -39)*1*(-1 + h). Calculate the highest common divisor of q and 49.
7
Let k = -42 - -42. Suppose k = -r + 25 + 95. What is the highest common factor of r and 30?
30
Suppose 0 = 3*p + p - 20. Suppose 5*t + 76 = 4*m, -p*t + 8*t = -12. Suppose 3*c = m + 46. What is the highest common divisor of c and 20?
20
Let c be 10/((-110)/(-77))*(-48)/(-28). Calculate the greatest common divisor of c and 480.
12
Suppose 390 = 8047*j - 8037*j. Calculate the highest common divisor of 429 and j.
39
Let y = -13 - -17. Suppose y*s - 4*p + 6*p = -208, -4*s + 2*p = 224. Let n = -33 - s. Calculate the greatest common factor of 14 and n.
7
Suppose 0 = g + 47*b - 51*b - 36, -2*b = -2*g + 66. Calculate the greatest common divisor of 272 and g.
16
Suppose 5*c + 0*c = -20. Let a be (2 - (c + 18))/(-2). Calculate the highest common factor of a and 2.
2
Suppose 3*g - 28 = -4*g. Suppose -2*v - 4*c + 86 = 0, 0 = g*v - 0*v - 4*c - 124. What is the greatest common factor of 385 and v?
35
Let p(n) = -n**2 + 4*n + 8. Let d(i) = -3*i**2 - 19*i - 2. Let j be d(-6). Let z be p(j). What is the greatest common factor of 4 and z?
4
Let m(y) = -y**2 + 43*y - 70. Let n be m(35). Calculate the highest common factor of n and 84.
42
Suppose -5 + 41 = 4*a + 4*s, 0 = 4*a - s - 11. Let k(x) = 0 + 3 + 2 - 3 + 10*x. Let j be k(a). What is the highest common factor of 210 and j?
42
Suppose -3*v = 15*v - 1548. What is the greatest common factor of v and 43?
43
Let y = 28 - 53. Let k = y + 45. Let f(x) = -x**2 + 7*x - 5. Let n be f(5). What is the greatest common factor of n and k?
5
Let v be (-20)/(-4) - (24 + 1). Let p = 324 + v. Calculate the highest common factor of p and 38.
38
Let o = 34 + -20. Let i be (-8)/(-60) - 1878/(-90). What is the greatest common factor of i and o?
7
Suppose 0 = -3226*u + 3216*u + 260. What is the greatest common divisor of 91 and u?
13
Let u be (10100/(-40))/(5/(-2)). Calculate the highest common divisor of 1 and u.
1
Let c(t) = -7*t + 6. Let z be c(-2). Suppose -2*u - z = -7*u. Calculate the greatest common divisor of 32 and u.
4
Suppose -12 = 8*n - 4*n. Let x be (-3 - (-7 - n))*85. Suppose 5*g = -3*d + x, 0*d - 80 = -5*d + 4*g. What is the highest common factor of 20 and d?
20
Let w be ((-6)/(-24))/((-2)/(-56)). Let k(h) = 7*h. Let i be k(4). What is the highest common divisor of i and w?
7
Let o be 205 - ((2 - 1) + -3). Let b = -144 + o. Let r(j) = 2*j**3 - 13*j**2 - 7*j + 7. Let d be r(7). Calculate the greatest common divisor of b and d.
7
Suppose 4*w = -5*h + 35, 5*w + 0*h - 31 = -2*h. Suppose 10*d - w*d = 90. What is the highest common factor of 30 and d?
6
Let h = 159 + -127. Let p(n) = 3*n**3 + n**2. Let g be p(1). Calculate the greatest common factor of h and g.
4
Let b(r) = -36*r + 5. Let y(o) = 107*o - 14. Let n(p) = -11*b(p) - 4*y(p). Let j be n(-2). Calculate the greatest common divisor of j and 13.
13
Let a be -1 + (7 - 4 - 4). Let o be (-473)/(-99) + a/(-9). Let i(d) = 2*d + 5. Let l be i(o). What is the highest common divisor of l and 5?
5
Suppose -2*z = 0, -5*x + 45 = -0*x - 3*z. Let v be 1/(3 + (-26)/x). What is the greatest common divisor of v and 9?
9
Let j be 3/(-4)*(-11 - 1). Suppose j*m - 10*m = -70. Calculate the highest common factor of m and 10.
10
Let g(f) = -46*f**2 + f + 1. Let z be g(-1). Let c = 47 + z. What is the highest common divisor of c and 4?
1
Let w = -159 + 189. What is the highest common divisor of w and 490?
10
Suppose 0 = 44*h - 51*h + 2912. Calculate the highest common divisor of 26 and h.
26
Let b be 0/((-4)/(-4)*1). Suppose b = -3*h + 5*z + 541, 0 = 2*z + z - 12. Calculate the highest common factor of 17 and h.
17
Let o be (-8)/18*405/(-90). Let n be o/(-14) + 284/28. Suppose -16 = -5*r + 5*z + 124, -3*r + 5*z = -80. Calculate the greatest common divisor of r and n.
10
Let x(z) = 6*z - 23 + 9 + 10 + 9*z. Let f be x(4). Calculate the greatest common divisor of f and 14.
14
Suppose -2 - 1 = m - 4*l, -2*m - 28 = 3*l. Let p(s) = -3*s - 24. Let r be p(m). What is the highest common factor of 99 and r?
9
Let t be -2*3/8 + 51/(-12). Let m = 2 + -1. Let o = m - t. Calculate the highest common factor of o and 6.
6
Let i be 1/((-8)/4)*31*6. Let v = i + 107. Let f be 2/4 - (-82)/4. Calculate the highest common divisor of f and v.
7
Suppose 2*x - 34 = 2*m + 4*x, -2*x + 23 = -m. Let q = 20 + m. What is the greatest common factor of q and 7?
1
Suppose 0 = 4*p - 13 - 39. Let l be (-32 - -17)/(3/(-13)). Calculate the highest common divisor of p and l.
13
Let z = -14 + 16. Suppose -4*l - 4*j = -72, -4*j + 10 = z. What is the highest common divisor of l and 80?
16
Let q(a) = a - 1. Let u be q(5). Suppose -10*o = -u*o - 180. What is the highest common divisor of 20 and o?
10
Let l(j) = 7*j + 59. Let c be l(-6). Calculate the greatest common factor of 289 and c.
17
Let p = 40 + -35. Suppose -2*f + 5*h + 24 = 0, -p*f + h = 5*h - 60. What is the highest common divisor of f and 24?
12
Suppose 2*m + 3*x - 4 = 0, 3*x - 10 = -5*m + 8*x. Suppose -6*c + 52 = -2*c - s, m*s - 22 = -c. Let k = 41 + 85. Calculate the greatest common factor of c and k.
14
Let q(h) = -13*h - 59. Let o be q(-5). What is the highest common factor of o and 54?
6
Let u be (-2*1 - 0)*48/(-32). Let r be 1683/12 + u/(-12). What is the highest common factor of 20 and r?
20
Suppose 12*p - 208 = 308. Calculate the highest common divisor of 1376 and p.
43
Suppose 60*z - 9*z = 12852. Calculate the greatest common divisor of 441 and z.
63
Let g = -39 + 84. Suppose 17 - 199 = -7*z. Let r(f) = f**3 - 24*f**2 - 51*f - 11. Let h be r(z). What is the highest common factor of h and g?
15
Let d = -43 + 20. Let c = d - -36. Calculate the highest common divisor of 13 and c.
13
Let b = -237 - -277. Calculate the highest common divisor of 8 and b.
8
Suppose 2*l + 3*a = -3*l + 452, 432 = 5*l - 2*a. Calculate the highest common factor of 220 and l.
44
Let s = -1546 - -1648. Calculate the greatest common factor of s and 765.
51
Let r = 591 - 398. Let z = r + -109. Calculate the greatest common factor of z and 28.
28
Suppose -3*z - 3*c = -15, 3*z + 0*z - c - 15 = 0. Let s = z + 0. Suppose 0*u - s*u = -20. Calculate the highest common divisor of u and 32.
4
Let l be 16/4 - (-765 + -6). Calculate the greatest common factor of l and 25.
25
Suppose -4*q - 152 = -6*q. Let u = 36 + q. Calculate the greatest common divisor of u and 16.
16
Suppose -5*b + 4*m - 70 = -1293, 5*b - 1241 = -2*m. What is the highest common factor of b and 39